{"id":580,"date":"2025-04-29T09:42:47","date_gmt":"2025-04-29T09:42:47","guid":{"rendered":"https:\/\/grupp02.kreativ-kod.se\/?page_id=580"},"modified":"2025-04-29T11:42:51","modified_gmt":"2025-04-29T11:42:51","slug":"test-testsson","status":"publish","type":"page","link":"https:\/\/person28.kreativ-kod.se\/","title":{"rendered":"Utforska v\u00e5r mat"},"content":{"rendered":"\n<div class=\"wp-block-group alignfull has-foreground-background-color has-background has-global-padding is-layout-constrained wp-block-group-is-layout-constrained\" style=\"padding-top:var(--wp--preset--spacing--small);padding-bottom:var(--wp--preset--spacing--small)\">\n<div class=\"wp-block-columns is-layout-flex wp-container-core-columns-is-layout-7db7aa3e wp-block-columns-is-layout-flex\" style=\"padding-right:0;padding-left:0\">\n<div class=\"wp-block-column is-vertically-aligned-center is-layout-flow wp-block-column-is-layout-flow\">\n<h2 class=\"wp-block-heading has-text-color has-link-color has-medium-font-size wp-elements-8610ceff327f8350c4beac1d91c7eb29\" style=\"color:#ecc860;text-transform:uppercase\"><strong>Skr\u00e4ddarsydd catering i Stockholm<\/strong><\/h2>\n\n\n\n<p class=\"has-white-color has-text-color has-link-color wp-elements-8ec08b06a30828ac8e93cfe001e10be6\">P\u00e5 Le Festin skapar vi personliga menyer som speglar b\u00e5de tillf\u00e4lle och smak \u2013 oavsett om det g\u00e4ller ett elegant br\u00f6llop, en storslagen f\u00f6retagsfest eller en intim middag. V\u00e5r catering pr\u00e4glas av noga utvalda r\u00e5varor, stilren presentation och menyer som anpassas efter dina \u00f6nskem\u00e5l. Vegetariskt, veganskt, klassiskt eller innovativt \u2013 vi har alternativ f\u00f6r alla och ser till att varje g\u00e4st f\u00e5r en minnesv\u00e4rd matupplevelse.<\/p>\n<\/div>\n\n\n\n<div class=\"wp-block-column is-layout-flow wp-block-column-is-layout-flow\">\n<figure class=\"wp-block-image size-large\"><img loading=\"lazy\" decoding=\"async\" width=\"1024\" height=\"682\" src=\"https:\/\/person28.kreativ-kod.se\/wp-content\/uploads\/2025\/04\/pexels-fidel-2814828-3-1024x682.jpg\" alt=\"\" class=\"wp-image-626\" srcset=\"https:\/\/person28.kreativ-kod.se\/wp-content\/uploads\/2025\/04\/pexels-fidel-2814828-3-1024x682.jpg 1024w, https:\/\/person28.kreativ-kod.se\/wp-content\/uploads\/2025\/04\/pexels-fidel-2814828-3-300x200.jpg 300w, https:\/\/person28.kreativ-kod.se\/wp-content\/uploads\/2025\/04\/pexels-fidel-2814828-3-2000x1333.jpg 2000w\" sizes=\"auto, (max-width: 1024px) 100vw, 1024px\" \/><\/figure>\n<\/div>\n<\/div>\n<\/div>\n\n\n\n<p><\/p>\n","protected":false},"excerpt":{"rendered":"<p>Skr\u00e4ddarsydd catering i Stockholm P\u00e5 Le Festin skapar vi personliga menyer som speglar b\u00e5de tillf\u00e4lle och smak \u2013 oavsett om det g\u00e4ller ett elegant br\u00f6llop, en storslagen f\u00f6retagsfest eller en intim middag. V\u00e5r catering pr\u00e4glas av noga utvalda r\u00e5varor, stilren presentation och menyer som anpassas efter dina \u00f6nskem\u00e5l. Vegetariskt, veganskt, klassiskt eller innovativt \u2013 vi &hellip; <\/p>\n<p class=\"link-more\"><a href=\"https:\/\/person28.kreativ-kod.se\/\" class=\"more-link\">L\u00e4s mer<span class=\"screen-reader-text\"> \u201dUtforska v\u00e5r mat\u201d<\/span><\/a><\/p>\n","protected":false},"author":7,"featured_media":0,"parent":0,"menu_order":0,"comment_status":"closed","ping_status":"closed","template":"","meta":{"footnotes":""},"class_list":["post-580","page","type-page","status-publish","hentry"],"yoast_head":"<!-- This site is optimized with the Yoast SEO plugin v24.9 - https:\/\/yoast.com\/wordpress\/plugins\/seo\/ -->\n<title>Utforska v\u00e5r mat - Le Festin - Catering<\/title>\n<meta name=\"robots\" content=\"noindex, follow, max-snippet:-1, max-image-preview:large, max-video-preview:-1\" \/>\n<meta property=\"og:locale\" content=\"sv_SE\" \/>\n<meta property=\"og:type\" content=\"article\" \/>\n<meta property=\"og:title\" content=\"Utforska v\u00e5r mat - Le Festin - Catering\" \/>\n<meta property=\"og:description\" content=\"Skr\u00e4ddarsydd catering i Stockholm P\u00e5 Le Festin skapar vi personliga menyer som speglar b\u00e5de tillf\u00e4lle och smak \u2013 oavsett om det g\u00e4ller ett elegant br\u00f6llop, en storslagen f\u00f6retagsfest eller en intim middag. V\u00e5r catering pr\u00e4glas av noga utvalda r\u00e5varor, stilren presentation och menyer som anpassas efter dina \u00f6nskem\u00e5l. Vegetariskt, veganskt, klassiskt eller innovativt \u2013 vi &hellip; L\u00e4s mer \u201dUtforska v\u00e5r mat\u201d\" \/>\n<meta property=\"og:url\" content=\"https:\/\/person28.kreativ-kod.se\/\" \/>\n<meta property=\"og:site_name\" content=\"Le Festin - Catering\" \/>\n<meta property=\"article:modified_time\" content=\"2025-04-29T11:42:51+00:00\" \/>\n<meta property=\"og:image\" content=\"https:\/\/person28.kreativ-kod.se\/wp-content\/uploads\/2025\/04\/pexels-fidel-2814828-3.jpg\" \/>\n\t<meta property=\"og:image:width\" content=\"2560\" \/>\n\t<meta property=\"og:image:height\" content=\"1706\" \/>\n\t<meta property=\"og:image:type\" content=\"image\/jpeg\" \/>\n<meta name=\"twitter:card\" content=\"summary_large_image\" \/>\n<meta name=\"twitter:label1\" content=\"Ber\u00e4knad l\u00e4stid\" \/>\n\t<meta name=\"twitter:data1\" content=\"1 minut\" \/>\n<script type=\"application\/ld+json\" class=\"yoast-schema-graph\">{\"@context\":\"https:\/\/schema.org\",\"@graph\":[{\"@type\":\"WebPage\",\"@id\":\"https:\/\/person28.kreativ-kod.se\/\",\"url\":\"https:\/\/person28.kreativ-kod.se\/\",\"name\":\"Utforska v\u00e5r mat - Le Festin - Catering\",\"isPartOf\":{\"@id\":\"https:\/\/person28.kreativ-kod.se\/#website\"},\"primaryImageOfPage\":{\"@id\":\"https:\/\/person28.kreativ-kod.se\/#primaryimage\"},\"image\":{\"@id\":\"https:\/\/person28.kreativ-kod.se\/#primaryimage\"},\"thumbnailUrl\":\"https:\/\/person28.kreativ-kod.se\/wp-content\/uploads\/2025\/04\/pexels-fidel-2814828-3-1024x682.jpg\",\"datePublished\":\"2025-04-29T09:42:47+00:00\",\"dateModified\":\"2025-04-29T11:42:51+00:00\",\"breadcrumb\":{\"@id\":\"https:\/\/person28.kreativ-kod.se\/#breadcrumb\"},\"inLanguage\":\"sv-SE\",\"potentialAction\":[{\"@type\":\"ReadAction\",\"target\":[\"https:\/\/person28.kreativ-kod.se\/\"]}]},{\"@type\":\"ImageObject\",\"inLanguage\":\"sv-SE\",\"@id\":\"https:\/\/person28.kreativ-kod.se\/#primaryimage\",\"url\":\"https:\/\/person28.kreativ-kod.se\/wp-content\/uploads\/2025\/04\/pexels-fidel-2814828-3.jpg\",\"contentUrl\":\"https:\/\/person28.kreativ-kod.se\/wp-content\/uploads\/2025\/04\/pexels-fidel-2814828-3.jpg\",\"width\":2560,\"height\":1706},{\"@type\":\"BreadcrumbList\",\"@id\":\"https:\/\/person28.kreativ-kod.se\/#breadcrumb\",\"itemListElement\":[{\"@type\":\"ListItem\",\"position\":1,\"name\":\"Hem\",\"item\":\"https:\/\/person28.kreativ-kod.se\/\"},{\"@type\":\"ListItem\",\"position\":2,\"name\":\"Utforska v\u00e5r mat\"}]},{\"@type\":\"WebSite\",\"@id\":\"https:\/\/person28.kreativ-kod.se\/#website\",\"url\":\"https:\/\/person28.kreativ-kod.se\/\",\"name\":\"Le Festin - Catering\",\"description\":\"Vi levererar catering i Stockholm till ditt event!\",\"publisher\":{\"@id\":\"https:\/\/person28.kreativ-kod.se\/#organization\"},\"potentialAction\":[{\"@type\":\"SearchAction\",\"target\":{\"@type\":\"EntryPoint\",\"urlTemplate\":\"https:\/\/person28.kreativ-kod.se\/?s={search_term_string}\"},\"query-input\":{\"@type\":\"PropertyValueSpecification\",\"valueRequired\":true,\"valueName\":\"search_term_string\"}}],\"inLanguage\":\"sv-SE\"},{\"@type\":\"Organization\",\"@id\":\"https:\/\/person28.kreativ-kod.se\/#organization\",\"name\":\"Le Festin - Catering\",\"url\":\"https:\/\/person28.kreativ-kod.se\/\",\"logo\":{\"@type\":\"ImageObject\",\"inLanguage\":\"sv-SE\",\"@id\":\"https:\/\/person28.kreativ-kod.se\/#\/schema\/logo\/image\/\",\"url\":\"https:\/\/person28.kreativ-kod.se\/wp-content\/uploads\/2025\/04\/cropped-LE-FESTIN-LOGO-360px.png\",\"contentUrl\":\"https:\/\/person28.kreativ-kod.se\/wp-content\/uploads\/2025\/04\/cropped-LE-FESTIN-LOGO-360px.png\",\"width\":360,\"height\":90,\"caption\":\"Le Festin - Catering\"},\"image\":{\"@id\":\"https:\/\/person28.kreativ-kod.se\/#\/schema\/logo\/image\/\"}}]}<\/script>\n<!-- \/ Yoast SEO plugin. -->","yoast_head_json":{"title":"Utforska v\u00e5r mat - Le Festin - Catering","robots":{"index":"noindex","follow":"follow","max-snippet":"max-snippet:-1","max-image-preview":"max-image-preview:large","max-video-preview":"max-video-preview:-1"},"og_locale":"sv_SE","og_type":"article","og_title":"Utforska v\u00e5r mat - Le Festin - Catering","og_description":"Skr\u00e4ddarsydd catering i Stockholm P\u00e5 Le Festin skapar vi personliga menyer som speglar b\u00e5de tillf\u00e4lle och smak \u2013 oavsett om det g\u00e4ller ett elegant br\u00f6llop, en storslagen f\u00f6retagsfest eller en intim middag. V\u00e5r catering pr\u00e4glas av noga utvalda r\u00e5varor, stilren presentation och menyer som anpassas efter dina \u00f6nskem\u00e5l. Vegetariskt, veganskt, klassiskt eller innovativt \u2013 vi &hellip; L\u00e4s mer \u201dUtforska v\u00e5r mat\u201d","og_url":"https:\/\/person28.kreativ-kod.se\/","og_site_name":"Le Festin - Catering","article_modified_time":"2025-04-29T11:42:51+00:00","og_image":[{"width":2560,"height":1706,"url":"https:\/\/person28.kreativ-kod.se\/wp-content\/uploads\/2025\/04\/pexels-fidel-2814828-3.jpg","type":"image\/jpeg"}],"twitter_card":"summary_large_image","twitter_misc":{"Ber\u00e4knad l\u00e4stid":"1 minut"},"schema":{"@context":"https:\/\/schema.org","@graph":[{"@type":"WebPage","@id":"https:\/\/person28.kreativ-kod.se\/","url":"https:\/\/person28.kreativ-kod.se\/","name":"Utforska v\u00e5r mat - Le Festin - Catering","isPartOf":{"@id":"https:\/\/person28.kreativ-kod.se\/#website"},"primaryImageOfPage":{"@id":"https:\/\/person28.kreativ-kod.se\/#primaryimage"},"image":{"@id":"https:\/\/person28.kreativ-kod.se\/#primaryimage"},"thumbnailUrl":"https:\/\/person28.kreativ-kod.se\/wp-content\/uploads\/2025\/04\/pexels-fidel-2814828-3-1024x682.jpg","datePublished":"2025-04-29T09:42:47+00:00","dateModified":"2025-04-29T11:42:51+00:00","breadcrumb":{"@id":"https:\/\/person28.kreativ-kod.se\/#breadcrumb"},"inLanguage":"sv-SE","potentialAction":[{"@type":"ReadAction","target":["https:\/\/person28.kreativ-kod.se\/"]}]},{"@type":"ImageObject","inLanguage":"sv-SE","@id":"https:\/\/person28.kreativ-kod.se\/#primaryimage","url":"https:\/\/person28.kreativ-kod.se\/wp-content\/uploads\/2025\/04\/pexels-fidel-2814828-3.jpg","contentUrl":"https:\/\/person28.kreativ-kod.se\/wp-content\/uploads\/2025\/04\/pexels-fidel-2814828-3.jpg","width":2560,"height":1706},{"@type":"BreadcrumbList","@id":"https:\/\/person28.kreativ-kod.se\/#breadcrumb","itemListElement":[{"@type":"ListItem","position":1,"name":"Hem","item":"https:\/\/person28.kreativ-kod.se\/"},{"@type":"ListItem","position":2,"name":"Utforska v\u00e5r mat"}]},{"@type":"WebSite","@id":"https:\/\/person28.kreativ-kod.se\/#website","url":"https:\/\/person28.kreativ-kod.se\/","name":"Le Festin - Catering","description":"Vi levererar catering i Stockholm till ditt event!","publisher":{"@id":"https:\/\/person28.kreativ-kod.se\/#organization"},"potentialAction":[{"@type":"SearchAction","target":{"@type":"EntryPoint","urlTemplate":"https:\/\/person28.kreativ-kod.se\/?s={search_term_string}"},"query-input":{"@type":"PropertyValueSpecification","valueRequired":true,"valueName":"search_term_string"}}],"inLanguage":"sv-SE"},{"@type":"Organization","@id":"https:\/\/person28.kreativ-kod.se\/#organization","name":"Le Festin - Catering","url":"https:\/\/person28.kreativ-kod.se\/","logo":{"@type":"ImageObject","inLanguage":"sv-SE","@id":"https:\/\/person28.kreativ-kod.se\/#\/schema\/logo\/image\/","url":"https:\/\/person28.kreativ-kod.se\/wp-content\/uploads\/2025\/04\/cropped-LE-FESTIN-LOGO-360px.png","contentUrl":"https:\/\/person28.kreativ-kod.se\/wp-content\/uploads\/2025\/04\/cropped-LE-FESTIN-LOGO-360px.png","width":360,"height":90,"caption":"Le Festin - Catering"},"image":{"@id":"https:\/\/person28.kreativ-kod.se\/#\/schema\/logo\/image\/"}}]}},"_links":{"self":[{"href":"https:\/\/person28.kreativ-kod.se\/index.php\/wp-json\/wp\/v2\/pages\/580","targetHints":{"allow":["GET"]}}],"collection":[{"href":"https:\/\/person28.kreativ-kod.se\/index.php\/wp-json\/wp\/v2\/pages"}],"about":[{"href":"https:\/\/person28.kreativ-kod.se\/index.php\/wp-json\/wp\/v2\/types\/page"}],"author":[{"embeddable":true,"href":"https:\/\/person28.kreativ-kod.se\/index.php\/wp-json\/wp\/v2\/users\/7"}],"replies":[{"embeddable":true,"href":"https:\/\/person28.kreativ-kod.se\/index.php\/wp-json\/wp\/v2\/comments?post=580"}],"version-history":[{"count":12,"href":"https:\/\/person28.kreativ-kod.se\/index.php\/wp-json\/wp\/v2\/pages\/580\/revisions"}],"predecessor-version":[{"id":656,"href":"https:\/\/person28.kreativ-kod.se\/index.php\/wp-json\/wp\/v2\/pages\/580\/revisions\/656"}],"wp:attachment":[{"href":"https:\/\/person28.kreativ-kod.se\/index.php\/wp-json\/wp\/v2\/media?parent=580"}],"curies":[{"name":"wp","href":"https:\/\/api.w.org\/{rel}","templated":true}]}}